t is the units digit of 1935669?
9
What is the units digit of 652343?
3
What is the tens digit of 1116308?
0
What is the units digit of 852031?
1
What is the thousands digit of 3588905?
8
What is the thousands digit of 5621142?
1
What is the units digit of 1720182?
2
What is the hundreds digit of 583797?
7
What is the hundred thousands digit of 659701?
6
What is the hundreds digit of 618385?
3
What is the hundreds digit of 9784075?
0
What is the millions digit of 1134017?
1
What is the hundreds digit of 28816358?
3
What is the ten thousands digit of 257684?
5
What is the tens digit of 2367033?
3
What is the thousands digit of 22212560?
2
What is the ten thousands digit of 775545?
7
What is the hundred thousands digit of 373920?
3
What is the hundred thousands digit of 2132539?
1
What is the units digit of 552655?
5
What is the tens digit of 3990085?
8
What is the tens digit of 52135?
3
What is the ten thousands digit of 179249?
7
What is the hundreds digit of 78359?
3
What is the tens digit of 7577353?
5
What is the ten thousands digit of 56787?
5
What is the units digit of 14894751?
1
What is the units digit of 4300206?
6
What is the thousands digit of 18172567?
2
What is the hundred thousands digit of 5528821?
5
What is the tens digit of 567261?
6
What is the ten thousands digit of 1416953?
1
What is the thousands digit of 62812?
2
What is the hundreds digit of 139992?
9
What is the units digit of 13064?
4
What is the hundred thousands digit of 3123196?
1
What is the units digit of 278933?
3
What is the hundred thousands digit of 997031?
9
What is the hundreds digit of 2342831?
8
What is the thousands digit of 21288373?
8
What is the hundred thousands digit of 199150?
1
What is the tens digit of 529944?
4
What is the units digit of 301303?
3
What is the units digit of 237724?
4
What is the hundreds digit of 2601708?
7
What is the ten thousands digit of 43647?
4
What is the hundreds digit of 6758713?
7
What is the millions digit of 6468947?
6
What is the thousands digit of 324703?
4
What is the units digit of 320730?
0
What is the ten thousands digit of 14808511?
0
What is the thousands digit of 526953?
6
What is the hundred thousands digit of 1523152?
5
What is the tens digit of 2698998?
9
What is the ten thousands digit of 20913931?
1
What is the hundreds digit of 61621?
6
What is the tens digit of 2850011?
1
What is the millions digit of 1136274?
1
What is the units digit of 325893?
3
What is the thousands digit of 3264245?
4
What is the tens digit of 6477611?
1
What is the tens digit of 7644997?
9
What is the units digit of 609760?
0
What is the units digit of 6593192?
2
What is the thousands digit of 553347?
3
What is the hundred thousands digit of 815952?
8
What is the tens digit of 27388665?
6
What is the units digit of 230704?
4
What is the hundred thousands digit of 274407?
2
What is the hundred thousands digit of 102540?
1
What is the ten thousands digit of 289738?
8
What is the thousands digit of 624623?
4
What is the ten thousands digit of 5137249?
3
What is the hundreds digit of 365871?
8
What is the tens digit of 331885?
8
What is the hundreds digit of 160496?
4
What is the units digit of 9113596?
6
What is the hundred thousands digit of 309226?
3
What is the units digit of 423798?
8
What is the hundred thousands digit of 711755?
7
What is the thousands digit of 75817?
5
What is the hundred thousands digit of 879506?
8
What is the hundred thousands digit of 7999528?
9
What is the hundreds digit of 237744?
7
What is the tens digit of 5624784?
8
What is the hundred thousands digit of 5551957?
5
What is the millions digit of 23973909?
3
What is the ten thousands digit of 3392597?
9
What is the ten thousands digit of 1204837?
0
What is the hundreds digit of 30408089?
0
What is the hundreds digit of 68213?
2
What is the tens digit of 2800355?
5
What is the hundred thousands digit of 3301426?
3
What is the thousands digit of 1018686?
8
What is the ten thousands digit of 70646?
7
What is the millions digit of 27086936?
7
What is the units digit of 416367?
7
What is the hundred thousands digit of 10225873?
2
What is the units digit of 5837820?
0
What is the thousands digit of 129020?
9
What is the units digit of 339889?
9
What is the units digit of 9294?
4
What is the ten thousands digit of 6178553?
7
What is the millions digit of 3100844?
3
What is the units digit of 62756?
6
What is the hundred thousands digit of 2151957?
1
What is the tens digit of 79510?
1
What is the tens digit of 7946726?
2
What is the thousands digit of 18374188?
4
What is the tens digit of 1775477?
7
What is the hundred thousands digit of 39093353?
0
What is the ten thousands digit of 5875990?
7
What is the millions digit of 2533949?
2
What is the hundred thousands digit of 1933579?
9
What is the ten thousands digit of 14404499?
0
What is the units digit of 545475?
5
What is the tens digit of 21014436?
3
What is the thousands digit of 245983?
5
What is the thousands digit of 21938980?
8
What is the hundreds digit of 5942?
9
What is the thousands digit of 767674?
7
What is the hundred thousands digit of 1619619?
6
What is the tens digit of 446463?
6
What is the millions digit of 3050792?
3
What is the hundred thousands digit of 296167?
2
What is the hundreds digit of 513735?
7
What is the hundreds digit of 208556?
5
What is the tens digit of 501340?
4
What is the tens digit of 2232509?
0
What is the hundreds digit of 554723?
7
What is the thousands digit of 1920337?
0
What is the tens digit of 1514306?
0
What is the millions digit of 10960830?
0
What is the ten thousands digit of 925387?
2
What is the units digit of 9883941?
1
What is the hundreds digit of 55938?
9
What is the units digit of 387503?
3
What is the hundreds digit of 230229?
2
What is the units digit of 264095?
5
What is the hundreds digit of 2602750?
7
What is the tens digit of 487955?
5
What is the units digit of 1411390?
0
What is the thousands digit of 11241918?
1
What is the ten thousands digit of 280044?
8
What is the hundreds digit of 2718121?
1
What is the thousands digit of 22457520?
7
What is the tens digit of 107117?
1
What is the hundred thousands digit of 6412446?
4
What is the tens digit of 128950?
5
What is the tens digit of 65287?
8
What is the units digit of 7108343?
3
What is the hundreds digit of 5874595?
5
What is the tens digit of 1607644?
4
What is the units digit of 61913?
3
What is the tens digit of 312159?
5
What is the ten thousands digit of 27062502?
6
What is the ten thousands digit of 3041121?
4
What is the units digit of 1995451?
1
What is the hundreds digit of 1958860?
8
What is the thousands digit of 1100041?
0
What is the ten thousands digit of 8860127?
6
What is the thousands digit of 7244508?
4
What is the units digit of 262241?
1
What is the thousands digit of 3796223?
6
What is the units digit of 6213362?
2
What is the units digit of 154544?
4
What is the tens digit of 200802?
0
What is the hundred thousands digit of 312562?
3
What is the hundred thousands digit of 4482220?
4
What is the tens digit of 1630345?
4
What is the hundreds digit of 809747?
7
What is the hundreds digit of 27145342?
3
What is the hundreds digit of 875186?
1
What is the hundred thousands digit of 1944415?
9
What is the hundred thousands digit of 12384672?
3
What is the units digit of 6244759?
9
What is the tens digit of 797262?
6
What is the tens digit of 9905307?
0
What is the hundred thousands digit of 251058?
2
What is the hundreds digit of 463313?
3
What is the millions digit of 1229048?
1
What is the ten thousands digit of 115406?
1
What is the units digit of 3603435?
5
What is the units digit of 736503?
3
What is the hundred thousands digit of 41193613?
1
What is the units digit of 6444455?
5
What is the ten thousands digit of 24885279?
8
What is the ten millions digit of 10475515?
1
What is the tens digit of 3418?
1
What is the hundred thousands digit of 958133?
9
What is the millions digit of 12784528?
2
What is the hundreds digit of 1274040?
0
What is the ten thousands digit of 369296?
6
What is the hundreds digit of 5708691?
6
What is the ten thousands digit of 2229484?
2
What is the ten millions digit of 20211518?
2
What is the units digit of 12550913?
3
What is the tens di